{"id":3219,"date":"2025-06-06T10:12:43","date_gmt":"2025-06-06T08:12:43","guid":{"rendered":"https:\/\/twp-strafrecht.de\/wp-content\/uploads\/2025\/06\/Insolvenzverschleppung.jpeg"},"modified":"2025-06-06T10:13:07","modified_gmt":"2025-06-06T08:13:07","slug":"insolvencia","status":"inherit","type":"attachment","link":"https:\/\/defenza.de\/pt\/insolvenz\/","title":{"rendered":"Adiar a insolv\u00eancia"},"author":4,"featured_media":0,"comment_status":"open","ping_status":"closed","template":"","meta":{"_et_pb_use_builder":"","_et_pb_old_content":"","_et_gb_content_width":"","om_disable_all_campaigns":false,"_monsterinsights_skip_tracking":false,"_monsterinsights_sitenote_active":false,"_monsterinsights_sitenote_note":"","_monsterinsights_sitenote_category":0},"class_list":["post-3219","attachment","type-attachment","status-inherit","hentry"],"aioseo_notices":[],"description":{"rendered":"<p class=\"attachment\"><a href='https:\/\/defenza.de\/wp-content\/uploads\/2025\/06\/Insolvenzverschleppung-scaled.jpeg'><img loading=\"lazy\" decoding=\"async\" width=\"300\" height=\"200\" src=\"https:\/\/defenza.de\/wp-content\/uploads\/2025\/06\/Insolvenzverschleppung-300x200.jpeg\" class=\"attachment-medium size-medium\" alt=\"\" srcset=\"https:\/\/defenza.de\/wp-content\/uploads\/2025\/06\/Insolvenzverschleppung-300x200.jpeg 300w, https:\/\/defenza.de\/wp-content\/uploads\/2025\/06\/Insolvenzverschleppung-1024x683.jpeg 1024w, https:\/\/defenza.de\/wp-content\/uploads\/2025\/06\/Insolvenzverschleppung-768x512.jpeg 768w, https:\/\/defenza.de\/wp-content\/uploads\/2025\/06\/Insolvenzverschleppung-1536x1024.jpeg 1536w, https:\/\/defenza.de\/wp-content\/uploads\/2025\/06\/Insolvenzverschleppung-2048x1365.jpeg 2048w, https:\/\/defenza.de\/wp-content\/uploads\/2025\/06\/Insolvenzverschleppung-18x12.jpeg 18w, https:\/\/defenza.de\/wp-content\/uploads\/2025\/06\/Insolvenzverschleppung-1080x720.jpeg 1080w, https:\/\/defenza.de\/wp-content\/uploads\/2025\/06\/Insolvenzverschleppung-1280x854.jpeg 1280w, https:\/\/defenza.de\/wp-content\/uploads\/2025\/06\/Insolvenzverschleppung-980x653.jpeg 980w, https:\/\/defenza.de\/wp-content\/uploads\/2025\/06\/Insolvenzverschleppung-480x320.jpeg 480w\" sizes=\"(max-width: 300px) 100vw, 300px\" \/><\/a><\/p>\n"},"caption":{"rendered":""},"alt_text":"","media_type":"image","mime_type":"image\/jpeg","media_details":{"width":2560,"height":1707,"file":"2025\/06\/Insolvenzverschleppung-scaled.jpeg","filesize":908674,"sizes":{"medium":{"file":"Insolvenzverschleppung-300x200.jpeg","width":300,"height":200,"filesize":26927,"mime_type":"image\/jpeg","source_url":"https:\/\/defenza.de\/wp-content\/uploads\/2025\/06\/Insolvenzverschleppung-300x200.jpeg"},"large":{"file":"Insolvenzverschleppung-1024x683.jpeg","width":1024,"height":683,"filesize":207792,"mime_type":"image\/jpeg","source_url":"https:\/\/defenza.de\/wp-content\/uploads\/2025\/06\/Insolvenzverschleppung-1024x683.jpeg"},"thumbnail":{"file":"Insolvenzverschleppung-150x150.jpeg","width":150,"height":150,"filesize":11510,"mime_type":"image\/jpeg","source_url":"https:\/\/defenza.de\/wp-content\/uploads\/2025\/06\/Insolvenzverschleppung-150x150.jpeg"},"medium_large":{"file":"Insolvenzverschleppung-768x512.jpeg","width":768,"height":512,"filesize":128848,"mime_type":"image\/jpeg","source_url":"https:\/\/defenza.de\/wp-content\/uploads\/2025\/06\/Insolvenzverschleppung-768x512.jpeg"},"1536x1536":{"file":"Insolvenzverschleppung-1536x1024.jpeg","width":1536,"height":1024,"filesize":400556,"mime_type":"image\/jpeg","source_url":"https:\/\/defenza.de\/wp-content\/uploads\/2025\/06\/Insolvenzverschleppung-1536x1024.jpeg"},"2048x2048":{"file":"Insolvenzverschleppung-2048x1365.jpeg","width":2048,"height":1365,"filesize":637002,"mime_type":"image\/jpeg","source_url":"https:\/\/defenza.de\/wp-content\/uploads\/2025\/06\/Insolvenzverschleppung-2048x1365.jpeg"},"trp-custom-language-flag":{"file":"Insolvenzverschleppung-18x12.jpeg","width":18,"height":12,"filesize":799,"mime_type":"image\/jpeg","source_url":"https:\/\/defenza.de\/wp-content\/uploads\/2025\/06\/Insolvenzverschleppung-18x12.jpeg"},"et-pb-post-main-image":{"file":"Insolvenzverschleppung-400x250.jpeg","width":400,"height":250,"filesize":41120,"mime_type":"image\/jpeg","source_url":"https:\/\/defenza.de\/wp-content\/uploads\/2025\/06\/Insolvenzverschleppung-400x250.jpeg"},"et-pb-post-main-image-fullwidth":{"file":"Insolvenzverschleppung-1080x675.jpeg","width":1080,"height":675,"filesize":216192,"mime_type":"image\/jpeg","source_url":"https:\/\/defenza.de\/wp-content\/uploads\/2025\/06\/Insolvenzverschleppung-1080x675.jpeg"},"et-pb-portfolio-image":{"file":"Insolvenzverschleppung-400x284.jpeg","width":400,"height":284,"filesize":45562,"mime_type":"image\/jpeg","source_url":"https:\/\/defenza.de\/wp-content\/uploads\/2025\/06\/Insolvenzverschleppung-400x284.jpeg"},"et-pb-portfolio-module-image":{"file":"Insolvenzverschleppung-510x382.jpeg","width":510,"height":382,"filesize":70901,"mime_type":"image\/jpeg","source_url":"https:\/\/defenza.de\/wp-content\/uploads\/2025\/06\/Insolvenzverschleppung-510x382.jpeg"},"et-pb-portfolio-image-single":{"file":"Insolvenzverschleppung-1080x720.jpeg","width":1080,"height":720,"filesize":227490,"mime_type":"image\/jpeg","source_url":"https:\/\/defenza.de\/wp-content\/uploads\/2025\/06\/Insolvenzverschleppung-1080x720.jpeg"},"et-pb-gallery-module-image-portrait":{"file":"Insolvenzverschleppung-400x516.jpeg","width":400,"height":516,"filesize":67818,"mime_type":"image\/jpeg","source_url":"https:\/\/defenza.de\/wp-content\/uploads\/2025\/06\/Insolvenzverschleppung-400x516.jpeg"},"et-pb-post-main-image-fullwidth-large":{"file":"Insolvenzverschleppung-2880x1800.jpeg","width":2880,"height":1800,"filesize":1036151,"mime_type":"image\/jpeg","source_url":"https:\/\/defenza.de\/wp-content\/uploads\/2025\/06\/Insolvenzverschleppung-2880x1800.jpeg"},"et-pb-image--responsive--desktop":{"file":"Insolvenzverschleppung-1280x854.jpeg","width":1280,"height":854,"filesize":298449,"mime_type":"image\/jpeg","source_url":"https:\/\/defenza.de\/wp-content\/uploads\/2025\/06\/Insolvenzverschleppung-1280x854.jpeg"},"et-pb-image--responsive--tablet":{"file":"Insolvenzverschleppung-980x653.jpeg","width":980,"height":653,"filesize":193636,"mime_type":"image\/jpeg","source_url":"https:\/\/defenza.de\/wp-content\/uploads\/2025\/06\/Insolvenzverschleppung-980x653.jpeg"},"et-pb-image--responsive--phone":{"file":"Insolvenzverschleppung-480x320.jpeg","width":480,"height":320,"filesize":58687,"mime_type":"image\/jpeg","source_url":"https:\/\/defenza.de\/wp-content\/uploads\/2025\/06\/Insolvenzverschleppung-480x320.jpeg"},"full":{"file":"Insolvenzverschleppung-scaled.jpeg","width":2560,"height":1707,"mime_type":"image\/jpeg","source_url":"https:\/\/defenza.de\/wp-content\/uploads\/2025\/06\/Insolvenzverschleppung-scaled.jpeg"}},"image_meta":{"aperture":"16","credit":"Goss Vitalij - stock.adobe.com","camera":"Canon EOS 5D","caption":"","created_timestamp":"1329759490","copyright":"","focal_length":"100","iso":"100","shutter_speed":"0.005","title":"insolv\u00eancia","orientation":"1","keywords":["insolvenz","business","company","zahlungsunf\u00e4higkeit","\u00fcberschuldung","schulden","insolvenzrecht","schuldenberater","insolvenzverwalter","anmeldung","straftat","verfahren","unternehmen","masseverwalter","rezession","abschwung","bankrott","flaute","konjunktur","konkurs","krise","minus","negativ","pleite","schlecht","unternehmer","volkswirtschaft","wirtschaft","wirtschaftskrise","b\u00f6rse","bank","w\u00e4rung","kontraktive","phase","konjunkturphase","stagnation","zinsniveau","zinsen","investitionen","preisstabilit\u00e4t","preis","stabilit\u00e4t","r\u00fcckgang","sinken","gewinn","lohnsumm","schwierigkeiten","quartal","entwicklung","rezessionsphase"]},"original_image":"Insolvenzverschleppung.jpeg"},"post":null,"source_url":"https:\/\/defenza.de\/wp-content\/uploads\/2025\/06\/Insolvenzverschleppung-scaled.jpeg","_links":{"self":[{"href":"https:\/\/defenza.de\/pt\/wp-json\/wp\/v2\/media\/3219","targetHints":{"allow":["GET"]}}],"collection":[{"href":"https:\/\/defenza.de\/pt\/wp-json\/wp\/v2\/media"}],"about":[{"href":"https:\/\/defenza.de\/pt\/wp-json\/wp\/v2\/types\/attachment"}],"author":[{"embeddable":true,"href":"https:\/\/defenza.de\/pt\/wp-json\/wp\/v2\/users\/4"}],"replies":[{"embeddable":true,"href":"https:\/\/defenza.de\/pt\/wp-json\/wp\/v2\/comments?post=3219"}]}}

Adiar a insolvência

insolvência

zahlungsunfähigkeit

überschuldung

börse

wärung

preisstabilität

stabilität

rückgang
