{"id":2696,"date":"2024-01-23T17:22:43","date_gmt":"2024-01-23T16:22:43","guid":{"rendered":"https:\/\/twp-strafrecht.de\/?page_id=2696"},"modified":"2026-03-04T13:47:43","modified_gmt":"2026-03-04T12:47:43","slug":"arne-weller","status":"publish","type":"page","link":"https:\/\/defenza.de\/pt\/arne-weller\/","title":{"rendered":"Arne Weller"},"content":{"rendered":"<p>[et_pb_section fb_built=&#8220;1&#8243; disabled_on=&#8220;off|off|on&#8220; admin_label=&#8220;Hero Section&#8220; _builder_version=&#8220;4.27.4&#8243; custom_padding=&#8220;0|0px|0px|0px&#8220; global_colors_info=&#8220;{}&#8220;][et_pb_row _builder_version=&#8220;4.21.0&#8243; _module_preset=&#8220;default&#8220; global_colors_info=&#8220;{}&#8220;][et_pb_column type=&#8220;4_4&#8243; _builder_version=&#8220;4.21.0&#8243; _module_preset=&#8220;default&#8220; global_colors_info=&#8220;{}&#8220;][et_pb_image src=&#8220;https:\/\/defenza.de\/wp-content\/uploads\/2025\/09\/Arne_Weller-scaled.jpg&#8220; alt=&#8220;Rechtsanwalt Weller&#8220; title_text=&#8220;Arne_Weller&#8220; align=&#8220;center&#8220; src_last_edited=&#8220;off|desktop&#8220; disabled_on=&#8220;off|off|on&#8220; _builder_version=&#8220;4.27.4&#8243; _module_preset=&#8220;default&#8220; min_height_last_edited=&#8220;off|tablet&#8220; global_colors_info=&#8220;{}&#8220;][\/et_pb_image][\/et_pb_column][\/et_pb_row][\/et_pb_section][et_pb_section fb_built=&#8220;1&#8243; admin_label=&#8220;Hero Section&#8220; _builder_version=&#8220;4.16&#8243; custom_margin=&#8220;0px||||false|false&#8220; custom_padding=&#8220;0px||0px||false|false&#8220; global_colors_info=&#8220;{}&#8220;][et_pb_row column_structure=&#8220;1_2,1_2&#8243; _builder_version=&#8220;4.27.5&#8243; width=&#8220;100%&#8220; max_width=&#8220;100%&#8220; custom_padding=&#8220;0px||0px|||&#8220; hover_enabled=&#8220;0&#8243; use_custom_width=&#8220;on&#8220; width_unit=&#8220;off&#8220; custom_width_percent=&#8220;100%&#8220; global_colors_info=&#8220;{}&#8220; make_equal=&#8220;on&#8220; sticky_enabled=&#8220;0&#8243;][et_pb_column type=&#8220;1_2&#8243; _builder_version=&#8220;4.16&#8243; custom_padding=&#8220;100px||100px|8%&#8220; custom_padding_tablet=&#8220;60px|10%|60px|10%&#8220; custom_padding_phone=&#8220;&#8220; custom_padding_last_edited=&#8220;on|tablet&#8220; global_colors_info=&#8220;{}&#8220; padding_tablet=&#8220;60px|10%|60px|10%&#8220; padding_last_edited=&#8220;on|tablet&#8220; custom_padding__hover=&#8220;|||&#8220; padding_phone=&#8220;60px|10%|60px|10%&#8220;][et_pb_text _builder_version=&#8220;4.16&#8243; header_font=&#8220;Nunito||||||||&#8220; header_3_font=&#8220;Karla|700||on|||||&#8220; header_3_text_color=&#8220;#b51f1f&#8220; header_3_font_size=&#8220;16px&#8220; header_3_letter_spacing=&#8220;1px&#8220; transform_scale=&#8220;100%|100%&#8220; background_layout=&#8220;dark&#8220; custom_margin=&#8220;0px||20px||false|false&#8220; custom_margin_tablet=&#8220;&#8220; custom_margin_phone=&#8220;-60px||||false|false&#8220; custom_margin_last_edited=&#8220;on|phone&#8220; locked=&#8220;off&#8220; global_colors_info=&#8220;{}&#8220;]<\/p>\n<h3><\/h3>\n<p>[\/et_pb_text][et_pb_divider color=&#8220;#b51f1e&#8220; divider_weight=&#8220;2px&#8220; _builder_version=&#8220;4.21.0&#8243; transform_scale=&#8220;100%|100%&#8220; max_width=&#8220;150px&#8220; module_alignment=&#8220;right&#8220; height=&#8220;2px&#8220; custom_margin=&#8220;|||&#8220; custom_padding=&#8220;|-60px||&#8220; custom_padding_tablet=&#8220;|0px||&#8220; custom_padding_last_edited=&#8220;off|desktop&#8220; locked=&#8220;off&#8220; global_colors_info=&#8220;{}&#8220;][\/et_pb_divider][et_pb_text _builder_version=&#8220;4.27.4&#8243; locked=&#8220;off&#8220; global_colors_info=&#8220;{}&#8220;]<\/p>\n<h1>Arne Weller<\/h1>\n<p style=\"text-align: right;\"><span><span style=\"color: #000000;\">Rechtsanwalt<\/span><br \/>\n<span style=\"color: #000000;\">Strafverteidiger<\/span><br \/>\n<span style=\"color: #000000;\">Fachanwalt f\u00fcr Strafrecht<\/span><br \/>\n<\/span><\/p>\n<p style=\"text-align: left;\">Rechtsanwalt Arne Weller ist seit 2012 als Strafverteidiger t\u00e4tig und Fachanwalt f\u00fcr Strafrecht.<\/p>\n<p style=\"text-align: left;\">Er ber\u00e4t und vertritt Mandantinnen und Mandanten in allen Bereichen des Strafrechts und kann auf eine umfangreiche forensische Erfahrung in der Verteidigung vor Amts-, Land- und Oberlandesgerichten in ganz Deutschland zur\u00fcckgreifen. Arne Weller legt Wert auf eine individuelle und pers\u00f6nliche Betreuung. Seine Arbeit zeichnet sich durch Engagement, Klarheit und strategische Weitsicht aus.<\/p>\n<p style=\"text-align: left;\">Er wuchs in Frankfurt am Main auf und studierte Rechtswissenschaften in Hamburg, wo er auch seine anwaltliche T\u00e4tigkeit begann. Rechtsanwalt Weller ist seit Beginn ausschlie\u00dflich im Strafrecht t\u00e4tig. F\u00fcr ihn ist Strafverteidigung eine Herzenssache.<\/p>\n<p style=\"text-align: left;\"><strong>Mitgliedschaften<\/strong><\/p>\n<ul>\n<li style=\"text-align: left;\"><a href=\"https:\/\/www.ag-strafrecht.de\/\" target=\"_blank\" rel=\"noopener\">Arbeitsgemeinschaft Strafrecht des Deutschen Anwaltvereins (DAV)<\/a><\/li>\n<li style=\"text-align: left;\"><a href=\"https:\/\/www.hav.de\/de\/\" target=\"_blank\" rel=\"noopener\" title=\"Hamburgischer Anwaltverein (HAV)\">Hamburgischer Anwaltverein (HAV)<\/a><\/li>\n<li style=\"text-align: left;\"><a href=\"https:\/\/www.strafverteidiger-hamburg.net\/index.php?id=index\" target=\"_blank\" rel=\"noopener\" title=\"Hamburger Arbeitsgemeinschaft f\u00fcr Strafverteidigerinnen und Strafverteidiger\">Hamburger Arbeitsgemeinschaft f\u00fcr Strafverteidigerinnen und Strafverteidiger<\/a><\/li>\n<\/ul>\n<p>&nbsp;[\/et_pb_text][\/et_pb_column][et_pb_column type=&#8220;1_2&#8243; disabled_on=&#8220;on|on|off&#8220; _builder_version=&#8220;4.27.4&#8243; background_color=&#8220;#212121&#8243; background_enable_image=&#8220;off&#8220; background_position=&#8220;top_center&#8220; custom_padding=&#8220;100px|8%|100px|&#8220; custom_padding_tablet=&#8220;60px|10%|60px|10%&#8220; custom_padding_phone=&#8220;&#8220; custom_padding_last_edited=&#8220;on|phone&#8220; global_colors_info=&#8220;{}&#8220; padding_tablet=&#8220;60px|10%|60px|10%&#8220; padding_last_edited=&#8220;on|phone&#8220; custom_padding__hover=&#8220;|||&#8220; padding_phone=&#8220;60px|10%|60px|10%&#8220;][et_pb_image src=&#8220;https:\/\/defenza.de\/wp-content\/uploads\/2025\/09\/Arne_Weller-scaled.jpg&#8220; alt=&#8220;Rechtsanwalt Weller&#8220; title_text=&#8220;Arne_Weller&#8220; src_last_edited=&#8220;off|desktop&#8220; align_tablet=&#8220;center&#8220; align_phone=&#8220;&#8220; align_last_edited=&#8220;on|desktop&#8220; disabled_on=&#8220;on|on|off&#8220; _builder_version=&#8220;4.27.4&#8243; max_width=&#8220;600px&#8220; max_width_tablet=&#8220;&#8220; max_width_phone=&#8220;&#8220; max_width_last_edited=&#8220;on|desktop&#8220; custom_margin=&#8220;|||-8%&#8220; custom_margin_tablet=&#8220;|||&#8220; custom_margin_last_edited=&#8220;off|desktop&#8220; custom_padding=&#8220;|||&#8220; animation_style=&#8220;slide&#8220; animation_direction=&#8220;right&#8220; animation_intensity_slide=&#8220;4%&#8220; animation_starting_opacity=&#8220;50%&#8220; box_shadow_style=&#8220;preset3&#8243; box_shadow_blur=&#8220;80px&#8220; global_colors_info=&#8220;{}&#8220;][\/et_pb_image][\/et_pb_column][\/et_pb_row][\/et_pb_section]<\/p>\n","protected":false},"excerpt":{"rendered":"<p>Arne Weller Rechtsanwalt Strafverteidiger Fachanwalt f\u00fcr Strafrecht Rechtsanwalt Arne Weller ist seit 2012 als Strafverteidiger t\u00e4tig und Fachanwalt f\u00fcr Strafrecht. Er ber\u00e4t und vertritt Mandantinnen und Mandanten in allen Bereichen des Strafrechts und kann auf eine umfangreiche forensische Erfahrung in der Verteidigung vor Amts-, Land- und Oberlandesgerichten in ganz Deutschland zur\u00fcckgreifen. Arne Weller legt Wert [&hellip;]<\/p>\n","protected":false},"author":2,"featured_media":0,"parent":0,"menu_order":0,"comment_status":"closed","ping_status":"closed","template":"","meta":{"_et_pb_use_builder":"on","_et_pb_old_content":"","_et_gb_content_width":"","om_disable_all_campaigns":false,"_monsterinsights_skip_tracking":false,"_monsterinsights_sitenote_active":false,"_monsterinsights_sitenote_note":"","_monsterinsights_sitenote_category":0,"footnotes":""},"class_list":["post-2696","page","type-page","status-publish","hentry"],"aioseo_notices":[],"_links":{"self":[{"href":"https:\/\/defenza.de\/pt\/wp-json\/wp\/v2\/pages\/2696","targetHints":{"allow":["GET"]}}],"collection":[{"href":"https:\/\/defenza.de\/pt\/wp-json\/wp\/v2\/pages"}],"about":[{"href":"https:\/\/defenza.de\/pt\/wp-json\/wp\/v2\/types\/page"}],"author":[{"embeddable":true,"href":"https:\/\/defenza.de\/pt\/wp-json\/wp\/v2\/users\/2"}],"replies":[{"embeddable":true,"href":"https:\/\/defenza.de\/pt\/wp-json\/wp\/v2\/comments?post=2696"}],"version-history":[{"count":12,"href":"https:\/\/defenza.de\/pt\/wp-json\/wp\/v2\/pages\/2696\/revisions"}],"predecessor-version":[{"id":4573,"href":"https:\/\/defenza.de\/pt\/wp-json\/wp\/v2\/pages\/2696\/revisions\/4573"}],"wp:attachment":[{"href":"https:\/\/defenza.de\/pt\/wp-json\/wp\/v2\/media?parent=2696"}],"curies":[{"name":"wp","href":"https:\/\/api.w.org\/{rel}","templated":true}]}}

<p>[et_pb_section fb_built=&#8220;1&#8243; disabled_on=&#8220;off|off|on&#8220; admin_label=&#8220;Hero Section&#8220; _builder_version=&#8220;4.27.4&#8243; custom_padding=&#8220;0|0px|0px|0px&#8220; global_colors_info=&#8220;{}&#8220;][et_pb_row _builder_version=&#8220;4.21.0&#8243; _module_preset=&#8220;default&#8220; global_colors_info=&#8220;{}&#8220;][et_pb_column type=&#8220;4_4&#8243; _builder_version=&#8220;4.21.0&#8243; _module_preset=&#8220;default&#8220; global_colors_info=&#8220;{}&#8220;][et_pb_image src=&#8220;https://defenza.de/wp-content/uploads/2025/09/Arne_Weller-scaled.jpg&#8220; alt=&#8220;Rechtsanwalt Weller&#8220; title_text=&#8220;Arne_Weller&#8220; align=&#8220;center&#8220; src_last_edited=&#8220;off|desktop&#8220; disabled_on=&#8220;off|off|on&#8220; _builder_version=&#8220;4.27.4&#8243; _module_preset=&#8220;default&#8220; min_height_last_edited=&#8220;off|tablet&#8220; global_colors_info=&#8220;{}&#8220;][/et_pb_image][/et_pb_column][/et_pb_row][/et_pb_section][et_pb_section fb_built=&#8220;1&#8243; admin_label=&#8220;Hero Section&#8220; _builder_version=&#8220;4.16&#8243; custom_margin=&#8220;0px||||false|false&#8220; custom_padding=&#8220;0px||0px||false|false&#8220; global_colors_info=&#8220;{}&#8220;][et_pb_row column_structure=&#8220;1_2,1_2&#8243; _builder_version=&#8220;4.27.5&#8243; width=&#8220;100%&#8220; max_width=&#8220;100%&#8220; custom_padding=&#8220;0px||0px|||&#8220; hover_enabled=&#8220;0&#8243; use_custom_width=&#8220;on&#8220; width_unit=&#8220;off&#8220; custom_width_percent=&#8220;100%&#8220; global_colors_info=&#8220;{}&#8220; make_equal=&#8220;on&#8220; sticky_enabled=&#8220;0&#8243;][et_pb_column type=&#8220;1_2&#8243; _builder_version=&#8220;4.16&#8243; custom_padding=&#8220;100px||100px|8%&#8220; custom_padding_tablet=&#8220;60px|10%|60px|10%&#8220; custom_padding_phone=&#8220;&#8220; custom_padding_last_edited=&#8220;on|tablet&#8220; global_colors_info=&#8220;{}&#8220; padding_tablet=&#8220;60px|10%|60px|10%&#8220; padding_last_edited=&#8220;on|tablet&#8220; custom_padding__hover=&#8220;|||&#8220; padding_phone=&#8220;60px|10%|60px|10%&#8220;][et_pb_text _builder_version=&#8220;4.16&#8243; header_font=&#8220;Nunito||||||||&#8220; header_3_font=&#8220;Karla|700||on|||||&#8220; header_3_text_color=&#8220;#b51f1f&#8220; header_3_font_size=&#8220;16px&#8220; header_3_letter_spacing=&#8220;1px&#8220; transform_scale=&#8220;100%|100%&#8220; background_layout=&#8220;dark&#8220; custom_margin=&#8220;0px||20px||false|false&#8220; custom_margin_tablet=&#8220;&#8220; custom_margin_phone=&#8220;-60px||||false|false&#8220; custom_margin_last_edited=&#8220;on|phone&#8220; locked=&#8220;off&#8220; global_colors_info=&#8220;{}&#8220;]</p>
<h3></h3>
<p>[/et_pb_text][et_pb_divider color=&#8220;#b51f1e&#8220; divider_weight=&#8220;2px&#8220; _builder_version=&#8220;4.21.0&#8243; transform_scale=&#8220;100%|100%&#8220; max_width=&#8220;150px&#8220; module_alignment=&#8220;right&#8220; height=&#8220;2px&#8220; custom_margin=&#8220;|||&#8220; custom_padding=&#8220;|-60px||&#8220; custom_padding_tablet=&#8220;|0px||&#8220; custom_padding_last_edited=&#8220;off|desktop&#8220; locked=&#8220;off&#8220; global_colors_info=&#8220;{}&#8220;][/et_pb_divider][et_pb_text _builder_version=&#8220;4.27.4&#8243; locked=&#8220;off&#8220; global_colors_info=&#8220;{}&#8220;]</p>
<h1>Arne Weller</h1>
<p style="text-align: right;"><span><span style="color: #000000;">Rechtsanwalt</span><br />
<span style="color: #000000;">Strafverteidiger</span><br />
<span style="color: #000000;">Fachanwalt für Strafrecht</span><br />
</span></p>
<p style="text-align: left;">Rechtsanwalt Arne Weller ist seit 2012 als Strafverteidiger tätig und Fachanwalt für Strafrecht.</p>
<p style="text-align: left;">Er berät und vertritt Mandantinnen und Mandanten in allen Bereichen des Strafrechts und kann auf eine umfangreiche forensische Erfahrung in der Verteidigung vor Amts-, Land- und Oberlandesgerichten in ganz Deutschland zurückgreifen. Arne Weller legt Wert auf eine individuelle und persönliche Betreuung. Seine Arbeit zeichnet sich durch Engagement, Klarheit und strategische Weitsicht aus.</p>
<p style="text-align: left;">Er wuchs in Frankfurt am Main auf und studierte Rechtswissenschaften in Hamburg, wo er auch seine anwaltliche Tätigkeit begann. Rechtsanwalt Weller ist seit Beginn ausschließlich im Strafrecht tätig. Für ihn ist Strafverteidigung eine Herzenssache.</p>
<p style="text-align: left;"><strong>Mitgliedschaften</strong></p>
<ul>
<li style="text-align: left;"><a href="https://www.ag-strafrecht.de/" target="_blank" rel="noopener">Arbeitsgemeinschaft Strafrecht des Deutschen Anwaltvereins (DAV)</a></li>
<li style="text-align: left;"><a href="https://www.hav.de/de/" target="_blank" rel="noopener" title="Hamburgischer Anwaltverein (HAV)">Hamburgischer Anwaltverein (HAV)</a></li>
<li style="text-align: left;"><a href="https://www.strafverteidiger-hamburg.net/index.php?id=index" target="_blank" rel="noopener" title="Hamburger Arbeitsgemeinschaft für Strafverteidigerinnen und Strafverteidiger">Hamburger Arbeitsgemeinschaft für Strafverteidigerinnen und Strafverteidiger</a></li>
</ul>
<p>&nbsp;[/et_pb_text][/et_pb_column][et_pb_column type=&#8220;1_2&#8243; disabled_on=&#8220;on|on|off&#8220; _builder_version=&#8220;4.27.4&#8243; background_color=&#8220;#212121&#8243; background_enable_image=&#8220;off&#8220; background_position=&#8220;top_center&#8220; custom_padding=&#8220;100px|8%|100px|&#8220; custom_padding_tablet=&#8220;60px|10%|60px|10%&#8220; custom_padding_phone=&#8220;&#8220; custom_padding_last_edited=&#8220;on|phone&#8220; global_colors_info=&#8220;{}&#8220; padding_tablet=&#8220;60px|10%|60px|10%&#8220; padding_last_edited=&#8220;on|phone&#8220; custom_padding__hover=&#8220;|||&#8220; padding_phone=&#8220;60px|10%|60px|10%&#8220;][et_pb_image src=&#8220;https://defenza.de/wp-content/uploads/2025/09/Arne_Weller-scaled.jpg&#8220; alt=&#8220;Rechtsanwalt Weller&#8220; title_text=&#8220;Arne_Weller&#8220; src_last_edited=&#8220;off|desktop&#8220; align_tablet=&#8220;center&#8220; align_phone=&#8220;&#8220; align_last_edited=&#8220;on|desktop&#8220; disabled_on=&#8220;on|on|off&#8220; _builder_version=&#8220;4.27.4&#8243; max_width=&#8220;600px&#8220; max_width_tablet=&#8220;&#8220; max_width_phone=&#8220;&#8220; max_width_last_edited=&#8220;on|desktop&#8220; custom_margin=&#8220;|||-8%&#8220; custom_margin_tablet=&#8220;|||&#8220; custom_margin_last_edited=&#8220;off|desktop&#8220; custom_padding=&#8220;|||&#8220; animation_style=&#8220;slide&#8220; animation_direction=&#8220;right&#8220; animation_intensity_slide=&#8220;4%&#8220; animation_starting_opacity=&#8220;50%&#8220; box_shadow_style=&#8220;preset3&#8243; box_shadow_blur=&#8220;80px&#8220; global_colors_info=&#8220;{}&#8220;][/et_pb_image][/et_pb_column][/et_pb_row][/et_pb_section]</p>

<p>Arne Weller Rechtsanwalt Strafverteidiger Fachanwalt für Strafrecht Rechtsanwalt Arne Weller ist seit 2012 als Strafverteidiger tätig und Fachanwalt für Strafrecht. Er berät und vertritt Mandantinnen und Mandanten in allen Bereichen des Strafrechts und kann auf eine umfangreiche forensische Erfahrung in der Verteidigung vor Amts-, Land- und Oberlandesgerichten in ganz Deutschland zurückgreifen. Arne Weller legt Wert [&hellip;]</p>
