{"id":2361,"date":"2023-07-24T14:54:36","date_gmt":"2023-07-24T12:54:36","guid":{"rendered":"https:\/\/twp-strafrecht.de\/?page_id=2361"},"modified":"2025-06-23T09:46:42","modified_gmt":"2025-06-23T07:46:42","slug":"btmg-mimoza-hostilis","status":"publish","type":"page","link":"https:\/\/defenza.de\/tr\/btmg-mimosa-hostilis\/","title":{"rendered":"Varl\u0131klara el konulmas\u0131"},"content":{"rendered":"<p>[et_pb_section fb_built=&#8220;1&#8243; disabled_on=&#8220;off|on|on&#8220; admin_label=&#8220;Hero Section&#8220; _builder_version=&#8220;4.16&#8243; custom_padding=&#8220;0|0px|0px|0px&#8220; global_colors_info=&#8220;{}&#8220;][et_pb_row use_custom_gutter=&#8220;on&#8220; make_equal=&#8220;on&#8220; disabled_on=&#8220;off|on|on&#8220; _builder_version=&#8220;4.16&#8243; width=&#8220;100%&#8220; max_width=&#8220;100%&#8220; custom_padding=&#8220;0px|0|0px|&#8220; use_custom_width=&#8220;on&#8220; width_unit=&#8220;off&#8220; custom_width_percent=&#8220;100%&#8220; global_colors_info=&#8220;{}&#8220;][et_pb_column type=&#8220;4_4&#8243; _builder_version=&#8220;4.16&#8243; custom_padding=&#8220;200px|4%|200px|8%&#8220; custom_padding_tablet=&#8220;60px|10%|60px|10%&#8220; custom_padding_phone=&#8220;&#8220; custom_padding_last_edited=&#8220;on|tablet&#8220; global_colors_info=&#8220;{}&#8220; padding_tablet=&#8220;60px|10%|60px|10%&#8220; padding_last_edited=&#8220;on|tablet&#8220; custom_padding__hover=&#8220;|||&#8220; padding_phone=&#8220;60px|10%|60px|10%&#8220;][et_pb_image src=&#8220;https:\/\/defenza.de\/wp-content\/uploads\/2024\/08\/Guel-Pinar-Arne-Weller-1.jpg&#8220; alt=&#8220;Rechtsanwalt Weller&#8220; title_text=&#8220;G\u00fcl Pinar Arne Weller&#8220; align_tablet=&#8220;center&#8220; align_phone=&#8220;&#8220; align_last_edited=&#8220;on|desktop&#8220; disabled_on=&#8220;off|on|on&#8220; _builder_version=&#8220;4.21.0&#8243; max_width=&#8220;600px&#8220; max_width_tablet=&#8220;&#8220; max_width_phone=&#8220;&#8220; max_width_last_edited=&#8220;on|desktop&#8220; custom_margin=&#8220;|||-8%&#8220; custom_margin_tablet=&#8220;60px|60px|60px|60px&#8220; custom_margin_phone=&#8220;0px|0px|0px|0px|false|false&#8220; custom_margin_last_edited=&#8220;on|phone&#8220; custom_padding=&#8220;|||&#8220; animation_style=&#8220;slide&#8220; animation_direction=&#8220;right&#8220; animation_intensity_slide=&#8220;4%&#8220; animation_starting_opacity=&#8220;50%&#8220; box_shadow_style=&#8220;preset3&#8243; box_shadow_blur=&#8220;80px&#8220; global_colors_info=&#8220;{}&#8220;][\/et_pb_image][\/et_pb_column][\/et_pb_row][\/et_pb_section][et_pb_section fb_built=&#8220;1&#8243; disabled_on=&#8220;off|off|off&#8220; admin_label=&#8220;Hero Section&#8220; _builder_version=&#8220;4.16&#8243; custom_padding=&#8220;0|0px|0px|0px&#8220; global_colors_info=&#8220;{}&#8220;][et_pb_row column_structure=&#8220;1_2,1_2&#8243; use_custom_gutter=&#8220;on&#8220; make_equal=&#8220;on&#8220; _builder_version=&#8220;4.21.0&#8243; width=&#8220;100%&#8220; max_width=&#8220;100%&#8220; custom_padding=&#8220;0px|0|0px|&#8220; use_custom_width=&#8220;on&#8220; width_unit=&#8220;off&#8220; custom_width_percent=&#8220;100%&#8220; global_colors_info=&#8220;{}&#8220;][et_pb_column type=&#8220;1_2&#8243; _builder_version=&#8220;4.16&#8243; custom_padding=&#8220;200px|4%|200px|8%&#8220; custom_padding_tablet=&#8220;60px|10%|60px|10%&#8220; custom_padding_phone=&#8220;&#8220; custom_padding_last_edited=&#8220;on|tablet&#8220; global_colors_info=&#8220;{}&#8220; padding_tablet=&#8220;60px|10%|60px|10%&#8220; padding_last_edited=&#8220;on|tablet&#8220; custom_padding__hover=&#8220;|||&#8220; padding_phone=&#8220;60px|10%|60px|10%&#8220;][et_pb_text _builder_version=&#8220;4.16&#8243; header_font=&#8220;Nunito||||||||&#8220; header_3_font=&#8220;Karla|700||on|||||&#8220; header_3_text_color=&#8220;#b51f1f&#8220; header_3_font_size=&#8220;16px&#8220; header_3_letter_spacing=&#8220;1px&#8220; transform_scale=&#8220;100%|100%&#8220; background_layout=&#8220;dark&#8220; custom_margin=&#8220;0px||20px||false|false&#8220; custom_margin_tablet=&#8220;&#8220; custom_margin_phone=&#8220;-60px||||false|false&#8220; custom_margin_last_edited=&#8220;on|phone&#8220; locked=&#8220;off&#8220; global_colors_info=&#8220;{}&#8220;]<\/p>\n<h3><\/h3>\n<p>[\/et_pb_text][et_pb_divider color=&#8220;#b51f1e&#8220; divider_weight=&#8220;2px&#8220; _builder_version=&#8220;4.16&#8243; max_width=&#8220;150px&#8220; module_alignment=&#8220;right&#8220; height=&#8220;2px&#8220; custom_margin=&#8220;|||&#8220; custom_padding=&#8220;|-60px||&#8220; custom_padding_tablet=&#8220;|0px||&#8220; custom_padding_last_edited=&#8220;off|desktop&#8220; locked=&#8220;off&#8220; global_colors_info=&#8220;{}&#8220;][\/et_pb_divider][et_pb_text _builder_version=&#8220;4.21.0&#8243; header_4_font_size_tablet=&#8220;&#8220; header_4_font_size_phone=&#8220;&#8220; header_4_font_size_last_edited=&#8220;on|desktop&#8220; locked=&#8220;off&#8220; global_colors_info=&#8220;{}&#8220;]<\/p>\n<h1>Weitere Versch\u00e4rfung des Rechts der Verm\u00f6gensabsch\u00f6pfung?<\/h1>\n<p style=\"text-align: left;\">\n<p style=\"text-align: left;\">Im <strong>Einziehungsrecht<\/strong> gilt das sog. <strong>Bruttoprinzip<\/strong>. Abzusch\u00f6pfen ist demnach der gesamte (hypothetische) Deliktsgewinn \u2013 ohne, dass etwa die Anschaffungskosten oder eigenen Aufwendungen abgezogen werden w\u00fcrden. Wird jemand wegen BtM-Delikten, bspw. dem Verkauf von Drogen verurteilt, wird die Einziehung in H\u00f6he des Wertes der gesamten, ihm zuzurechnenden Verkaufsmengen angeordnet. Dass f\u00fcr den Ankauf der Drogen auch Geld aufgewendet werden musste, bleibt unber\u00fccksichtigt. F\u00fcr verurteilte Personen hat eine Einziehungsentscheidung aufgrund <strong>immenser Einziehungssummen<\/strong> \u2013 jedenfalls mit Blick auf ihre mittel-\/ langfristige Zukunft \u2013 nicht selten einschneidendere Folgen, als die Verurteilung selbst. In Hamburg ist der \u201eErfolg\u201c der Strafverfolgung gemessen an den Einziehungssummen auch immer mal Gegenstand des politischen Interesses.<\/p>\n<p style=\"text-align: left;\">Aktuell wurde und wird im Bundestag ein Antrag mit dem Titel \u201e<strong>Kriminell erlangte Verm\u00f6gen konsequent absch\u00f6pfen<\/strong> \u2013 <a href=\"https:\/\/dserver.bundestag.de\/btd\/20\/119\/2011966.pdf\" target=\"_blank\" rel=\"noopener\">Verm\u00f6gensermittlungs- und Einziehungsverfahren au\u00dferhalb des Strafrechts schaffen<\/a>\u201c beraten. Dabei soll es um eine \u201edr\u00e4ngende Verbesserung der Ermittlungskompetenzen bei verd\u00e4chtigen Verm\u00f6gensgegenst\u00e4nden und Verm\u00f6gen ungekl\u00e4rter Herkunft sowie zur Verbesserung der staatlichen Einziehungsm\u00f6glichkeiten\u201c gehen. Dem Antrag nach soll \u2013 neben vielen anderen aus unserer Sicht <strong>rechtsstaatlich fragw\u00fcrdigen Ansinnen<\/strong> \u2013 eine eindeutige Regelung geschaffen werden, wonach bei solchen Verm\u00f6gensgegenst\u00e4nden und Verm\u00f6gen \u201e<strong>bereits unterhalb der Schwelle eines strafrechtlichen Anfangsverdachts<\/strong>\u201c (in dem Entwurf auf S. 3 unter II.\/1.\/lit. b) Ermittlungen durchgef\u00fchrt werden d\u00fcrfen. Au\u00dferdem sollen diese bei Anhaltspunkten, dass sie dem Verfahren entzogen werden k\u00f6nnten, sichergestellt werden k\u00f6nnen (dort unter II.\/1.\/lit. e).<\/p>\n<p style=\"text-align: left;\">F\u00fcr einen <strong>Anfangsverdacht i.S.v. \u00a7 152 StPO<\/strong> \u2013 der also nach dem Legalit\u00e4tsprinzip einen Verfolgungszwang der Strafverfolgungsbeh\u00f6rden ausl\u00f6st \u2013 ist bekanntlich bei \u201ezureichenden tats\u00e4chlichen Anhaltspunkten\u201c f\u00fcr eine Straftat anzunehmen. Auch hier besteht ohnehin ein Beurteilungsspielraum, insbesondere wann Anhaltspunkte \u201ezureichend\u201c sind. Dass dies nach den <strong>aktuellen Reformbestrebungen<\/strong> der Union nun noch weiter aufgeweicht werden soll, indem scheinbar nicht zureichende \/ gen\u00fcgende \/ hinl\u00e4ngliche, sondern einfach irgendwelche Anhaltspunkte schon ausreichen sollen, um Ermittlungen durchzuf\u00fchren, ist schon mit Blick auf das rechtsstaatliche Bestimmtheitsgebot offensichtlich fragw\u00fcrdig.<\/p>\n<p style=\"text-align: left;\">Hinzukommt, dass (Mit-)Ausl\u00f6ser f\u00fcr Ermittlungen und Sicherstellungen nach dem diskutierten Antrag sein soll, dass die <strong>Verm\u00f6gensgegenst\u00e4nde selbst \u201everd\u00e4chtig\u201c oder \u201eungekl\u00e4rter Herkunft\u201c<\/strong> sind. Damit soll der Staat nicht mehr ausgehend von einer Straftat oder der einer Straftat verd\u00e4chtigten Person \u2013 die durch oder f\u00fcr eine rechtswidrige Tat etwas erlangt hat, wie es \u00a7 73 StGB derzeit vorsieht \u2013 sondern <strong>ausgehend von einem Verm\u00f6gensgegenstand<\/strong> selbst <strong>t\u00e4tig werden<\/strong> k\u00f6nnen. Das wirft schon rechtspraktisch zahlreiche Fragen auf: Wann ist die Villa am Starnberger See oder die Yacht im Ostseehafen dann nicht per se \u201everd\u00e4chtig\u201c? Wie soll in Hamburg weiterhin mit (teurem) Auto zum Einkaufen am Jungfernstieg gefahren werden k\u00f6nnen \u2013 nur mit Kaufbelegen und Herkunftsnachweisen im Handschuhfach? Usw.<\/p>\n<p>[\/et_pb_text][\/et_pb_column][et_pb_column type=&#8220;1_2&#8243; disabled_on=&#8220;on|off|off&#8220; _builder_version=&#8220;4.21.0&#8243; use_background_color_gradient=&#8220;on&#8220; background_color_gradient_stops=&#8220;rgba(18,18,18,0.5) 0%|#121212 100%&#8220; background_color_gradient_overlays_image=&#8220;on&#8220; background_color_gradient_start=&#8220;rgba(18,18,18,0.5)&#8220; background_color_gradient_end=&#8220;#121212&#8243; background_image=&#8220;https:\/\/defenza.de\/wp-content\/uploads\/2024\/08\/Guel-Pinar-Arne-Weller-1.jpg&#8220; custom_padding=&#8220;100px||100px|&#8220; custom_padding_tablet=&#8220;60px||60px|&#8220; custom_padding_phone=&#8220;&#8220; custom_padding_last_edited=&#8220;on|desktop&#8220; global_colors_info=&#8220;{}&#8220; padding_tablet=&#8220;60px||60px|&#8220; padding_last_edited=&#8220;on|desktop&#8220; custom_padding__hover=&#8220;|||&#8220; padding_phone=&#8220;60px||60px|&#8220;][et_pb_image src=&#8220;https:\/\/defenza.de\/wp-content\/uploads\/2024\/08\/Guel-Pinar-Arne-Weller-1.jpg&#8220; alt=&#8220;Rechtsanwalt Weller&#8220; title_text=&#8220;G\u00fcl Pinar Arne Weller&#8220; align_tablet=&#8220;center&#8220; align_phone=&#8220;&#8220; align_last_edited=&#8220;on|desktop&#8220; disabled_on=&#8220;on|off|off&#8220; _builder_version=&#8220;4.21.0&#8243; max_width=&#8220;600px&#8220; max_width_tablet=&#8220;&#8220; max_width_phone=&#8220;&#8220; max_width_last_edited=&#8220;on|desktop&#8220; custom_margin=&#8220;|||-8%&#8220; custom_margin_tablet=&#8220;60px|60px|60px|60px&#8220; custom_margin_phone=&#8220;&#8220; custom_margin_last_edited=&#8220;on|desktop&#8220; custom_padding=&#8220;|||&#8220; animation_style=&#8220;slide&#8220; animation_direction=&#8220;right&#8220; animation_intensity_slide=&#8220;4%&#8220; animation_starting_opacity=&#8220;50%&#8220; box_shadow_style=&#8220;preset3&#8243; box_shadow_blur=&#8220;80px&#8220; global_colors_info=&#8220;{}&#8220;][\/et_pb_image][\/et_pb_column][\/et_pb_row][\/et_pb_section]<\/p>\n","protected":false},"excerpt":{"rendered":"<p>Weitere Versch\u00e4rfung des Rechts der Verm\u00f6gensabsch\u00f6pfung? Im Einziehungsrecht gilt das sog. Bruttoprinzip. Abzusch\u00f6pfen ist demnach der gesamte (hypothetische) Deliktsgewinn \u2013 ohne, dass etwa die Anschaffungskosten oder eigenen Aufwendungen abgezogen werden w\u00fcrden. Wird jemand wegen BtM-Delikten, bspw. dem Verkauf von Drogen verurteilt, wird die Einziehung in H\u00f6he des Wertes der gesamten, ihm zuzurechnenden Verkaufsmengen angeordnet. Dass [&hellip;]<\/p>\n","protected":false},"author":2,"featured_media":0,"parent":0,"menu_order":0,"comment_status":"closed","ping_status":"closed","template":"","meta":{"_et_pb_use_builder":"on","_et_pb_old_content":"","_et_gb_content_width":"","om_disable_all_campaigns":false,"_monsterinsights_skip_tracking":false,"_monsterinsights_sitenote_active":false,"_monsterinsights_sitenote_note":"","_monsterinsights_sitenote_category":0,"footnotes":""},"class_list":["post-2361","page","type-page","status-publish","hentry"],"aioseo_notices":[],"_links":{"self":[{"href":"https:\/\/defenza.de\/tr\/wp-json\/wp\/v2\/pages\/2361","targetHints":{"allow":["GET"]}}],"collection":[{"href":"https:\/\/defenza.de\/tr\/wp-json\/wp\/v2\/pages"}],"about":[{"href":"https:\/\/defenza.de\/tr\/wp-json\/wp\/v2\/types\/page"}],"author":[{"embeddable":true,"href":"https:\/\/defenza.de\/tr\/wp-json\/wp\/v2\/users\/2"}],"replies":[{"embeddable":true,"href":"https:\/\/defenza.de\/tr\/wp-json\/wp\/v2\/comments?post=2361"}],"version-history":[{"count":10,"href":"https:\/\/defenza.de\/tr\/wp-json\/wp\/v2\/pages\/2361\/revisions"}],"predecessor-version":[{"id":3324,"href":"https:\/\/defenza.de\/tr\/wp-json\/wp\/v2\/pages\/2361\/revisions\/3324"}],"wp:attachment":[{"href":"https:\/\/defenza.de\/tr\/wp-json\/wp\/v2\/media?parent=2361"}],"curies":[{"name":"wp","href":"https:\/\/api.w.org\/{rel}","templated":true}]}}

Varlıklara el konulması

<p>[et_pb_section fb_built=&#8220;1&#8243; disabled_on=&#8220;off|on|on&#8220; admin_label=&#8220;Hero Section&#8220; _builder_version=&#8220;4.16&#8243; custom_padding=&#8220;0|0px|0px|0px&#8220; global_colors_info=&#8220;{}&#8220;][et_pb_row use_custom_gutter=&#8220;on&#8220; make_equal=&#8220;on&#8220; disabled_on=&#8220;off|on|on&#8220; _builder_version=&#8220;4.16&#8243; width=&#8220;100%&#8220; max_width=&#8220;100%&#8220; custom_padding=&#8220;0px|0|0px|&#8220; use_custom_width=&#8220;on&#8220; width_unit=&#8220;off&#8220; custom_width_percent=&#8220;100%&#8220; global_colors_info=&#8220;{}&#8220;][et_pb_column type=&#8220;4_4&#8243; _builder_version=&#8220;4.16&#8243; custom_padding=&#8220;200px|4%|200px|8%&#8220; custom_padding_tablet=&#8220;60px|10%|60px|10%&#8220; custom_padding_phone=&#8220;&#8220; custom_padding_last_edited=&#8220;on|tablet&#8220; global_colors_info=&#8220;{}&#8220; padding_tablet=&#8220;60px|10%|60px|10%&#8220; padding_last_edited=&#8220;on|tablet&#8220; custom_padding__hover=&#8220;|||&#8220; padding_phone=&#8220;60px|10%|60px|10%&#8220;][et_pb_image src=&#8220;https://defenza.de/wp-content/uploads/2024/08/Guel-Pinar-Arne-Weller-1.jpg&#8220; alt=&#8220;Rechtsanwalt Weller&#8220; title_text=&#8220;Gül Pinar Arne Weller&#8220; align_tablet=&#8220;center&#8220; align_phone=&#8220;&#8220; align_last_edited=&#8220;on|desktop&#8220; disabled_on=&#8220;off|on|on&#8220; _builder_version=&#8220;4.21.0&#8243; max_width=&#8220;600px&#8220; max_width_tablet=&#8220;&#8220; max_width_phone=&#8220;&#8220; max_width_last_edited=&#8220;on|desktop&#8220; custom_margin=&#8220;|||-8%&#8220; custom_margin_tablet=&#8220;60px|60px|60px|60px&#8220; custom_margin_phone=&#8220;0px|0px|0px|0px|false|false&#8220; custom_margin_last_edited=&#8220;on|phone&#8220; custom_padding=&#8220;|||&#8220; animation_style=&#8220;slide&#8220; animation_direction=&#8220;right&#8220; animation_intensity_slide=&#8220;4%&#8220; animation_starting_opacity=&#8220;50%&#8220; box_shadow_style=&#8220;preset3&#8243; box_shadow_blur=&#8220;80px&#8220; global_colors_info=&#8220;{}&#8220;][/et_pb_image][/et_pb_column][/et_pb_row][/et_pb_section][et_pb_section fb_built=&#8220;1&#8243; disabled_on=&#8220;off|off|off&#8220; admin_label=&#8220;Hero Section&#8220; _builder_version=&#8220;4.16&#8243; custom_padding=&#8220;0|0px|0px|0px&#8220; global_colors_info=&#8220;{}&#8220;][et_pb_row column_structure=&#8220;1_2,1_2&#8243; use_custom_gutter=&#8220;on&#8220; make_equal=&#8220;on&#8220; _builder_version=&#8220;4.21.0&#8243; width=&#8220;100%&#8220; max_width=&#8220;100%&#8220; custom_padding=&#8220;0px|0|0px|&#8220; use_custom_width=&#8220;on&#8220; width_unit=&#8220;off&#8220; custom_width_percent=&#8220;100%&#8220; global_colors_info=&#8220;{}&#8220;][et_pb_column type=&#8220;1_2&#8243; _builder_version=&#8220;4.16&#8243; custom_padding=&#8220;200px|4%|200px|8%&#8220; custom_padding_tablet=&#8220;60px|10%|60px|10%&#8220; custom_padding_phone=&#8220;&#8220; custom_padding_last_edited=&#8220;on|tablet&#8220; global_colors_info=&#8220;{}&#8220; padding_tablet=&#8220;60px|10%|60px|10%&#8220; padding_last_edited=&#8220;on|tablet&#8220; custom_padding__hover=&#8220;|||&#8220; padding_phone=&#8220;60px|10%|60px|10%&#8220;][et_pb_text _builder_version=&#8220;4.16&#8243; header_font=&#8220;Nunito||||||||&#8220; header_3_font=&#8220;Karla|700||on|||||&#8220; header_3_text_color=&#8220;#b51f1f&#8220; header_3_font_size=&#8220;16px&#8220; header_3_letter_spacing=&#8220;1px&#8220; transform_scale=&#8220;100%|100%&#8220; background_layout=&#8220;dark&#8220; custom_margin=&#8220;0px||20px||false|false&#8220; custom_margin_tablet=&#8220;&#8220; custom_margin_phone=&#8220;-60px||||false|false&#8220; custom_margin_last_edited=&#8220;on|phone&#8220; locked=&#8220;off&#8220; global_colors_info=&#8220;{}&#8220;]</p>
<h3></h3>
<p>[/et_pb_text][et_pb_divider color=&#8220;#b51f1e&#8220; divider_weight=&#8220;2px&#8220; _builder_version=&#8220;4.16&#8243; max_width=&#8220;150px&#8220; module_alignment=&#8220;right&#8220; height=&#8220;2px&#8220; custom_margin=&#8220;|||&#8220; custom_padding=&#8220;|-60px||&#8220; custom_padding_tablet=&#8220;|0px||&#8220; custom_padding_last_edited=&#8220;off|desktop&#8220; locked=&#8220;off&#8220; global_colors_info=&#8220;{}&#8220;][/et_pb_divider][et_pb_text _builder_version=&#8220;4.21.0&#8243; header_4_font_size_tablet=&#8220;&#8220; header_4_font_size_phone=&#8220;&#8220; header_4_font_size_last_edited=&#8220;on|desktop&#8220; locked=&#8220;off&#8220; global_colors_info=&#8220;{}&#8220;]</p>
<h1>Weitere Verschärfung des Rechts der Vermögensabschöpfung?</h1>
<p style="text-align: left;">
<p style="text-align: left;">Im <strong>Einziehungsrecht</strong> gilt das sog. <strong>Bruttoprinzip</strong>. Abzuschöpfen ist demnach der gesamte (hypothetische) Deliktsgewinn – ohne, dass etwa die Anschaffungskosten oder eigenen Aufwendungen abgezogen werden würden. Wird jemand wegen BtM-Delikten, bspw. dem Verkauf von Drogen verurteilt, wird die Einziehung in Höhe des Wertes der gesamten, ihm zuzurechnenden Verkaufsmengen angeordnet. Dass für den Ankauf der Drogen auch Geld aufgewendet werden musste, bleibt unberücksichtigt. Für verurteilte Personen hat eine Einziehungsentscheidung aufgrund <strong>immenser Einziehungssummen</strong> – jedenfalls mit Blick auf ihre mittel-/ langfristige Zukunft – nicht selten einschneidendere Folgen, als die Verurteilung selbst. In Hamburg ist der „Erfolg“ der Strafverfolgung gemessen an den Einziehungssummen auch immer mal Gegenstand des politischen Interesses.</p>
<p style="text-align: left;">Aktuell wurde und wird im Bundestag ein Antrag mit dem Titel „<strong>Kriminell erlangte Vermögen konsequent abschöpfen</strong> – <a href="https://dserver.bundestag.de/btd/20/119/2011966.pdf" target="_blank" rel="noopener">Vermögensermittlungs- und Einziehungsverfahren außerhalb des Strafrechts schaffen</a>“ beraten. Dabei soll es um eine „drängende Verbesserung der Ermittlungskompetenzen bei verdächtigen Vermögensgegenständen und Vermögen ungeklärter Herkunft sowie zur Verbesserung der staatlichen Einziehungsmöglichkeiten“ gehen. Dem Antrag nach soll – neben vielen anderen aus unserer Sicht <strong>rechtsstaatlich fragwürdigen Ansinnen</strong> – eine eindeutige Regelung geschaffen werden, wonach bei solchen Vermögensgegenständen und Vermögen „<strong>bereits unterhalb der Schwelle eines strafrechtlichen Anfangsverdachts</strong>“ (in dem Entwurf auf S. 3 unter II./1./lit. b) Ermittlungen durchgeführt werden dürfen. Außerdem sollen diese bei Anhaltspunkten, dass sie dem Verfahren entzogen werden könnten, sichergestellt werden können (dort unter II./1./lit. e).</p>
<p style="text-align: left;">Für einen <strong>Anfangsverdacht i.S.v. § 152 StPO</strong> – der also nach dem Legalitätsprinzip einen Verfolgungszwang der Strafverfolgungsbehörden auslöst – ist bekanntlich bei „zureichenden tatsächlichen Anhaltspunkten“ für eine Straftat anzunehmen. Auch hier besteht ohnehin ein Beurteilungsspielraum, insbesondere wann Anhaltspunkte „zureichend“ sind. Dass dies nach den <strong>aktuellen Reformbestrebungen</strong> der Union nun noch weiter aufgeweicht werden soll, indem scheinbar nicht zureichende / genügende / hinlängliche, sondern einfach irgendwelche Anhaltspunkte schon ausreichen sollen, um Ermittlungen durchzuführen, ist schon mit Blick auf das rechtsstaatliche Bestimmtheitsgebot offensichtlich fragwürdig.</p>
<p style="text-align: left;">Hinzukommt, dass (Mit-)Auslöser für Ermittlungen und Sicherstellungen nach dem diskutierten Antrag sein soll, dass die <strong>Vermögensgegenstände selbst „verdächtig“ oder „ungeklärter Herkunft“</strong> sind. Damit soll der Staat nicht mehr ausgehend von einer Straftat oder der einer Straftat verdächtigten Person – die durch oder für eine rechtswidrige Tat etwas erlangt hat, wie es § 73 StGB derzeit vorsieht – sondern <strong>ausgehend von einem Vermögensgegenstand</strong> selbst <strong>tätig werden</strong> können. Das wirft schon rechtspraktisch zahlreiche Fragen auf: Wann ist die Villa am Starnberger See oder die Yacht im Ostseehafen dann nicht per se „verdächtig“? Wie soll in Hamburg weiterhin mit (teurem) Auto zum Einkaufen am Jungfernstieg gefahren werden können – nur mit Kaufbelegen und Herkunftsnachweisen im Handschuhfach? Usw.</p>
<p>[/et_pb_text][/et_pb_column][et_pb_column type=&#8220;1_2&#8243; disabled_on=&#8220;on|off|off&#8220; _builder_version=&#8220;4.21.0&#8243; use_background_color_gradient=&#8220;on&#8220; background_color_gradient_stops=&#8220;rgba(18,18,18,0.5) 0%|#121212 100%&#8220; background_color_gradient_overlays_image=&#8220;on&#8220; background_color_gradient_start=&#8220;rgba(18,18,18,0.5)&#8220; background_color_gradient_end=&#8220;#121212&#8243; background_image=&#8220;https://defenza.de/wp-content/uploads/2024/08/Guel-Pinar-Arne-Weller-1.jpg&#8220; custom_padding=&#8220;100px||100px|&#8220; custom_padding_tablet=&#8220;60px||60px|&#8220; custom_padding_phone=&#8220;&#8220; custom_padding_last_edited=&#8220;on|desktop&#8220; global_colors_info=&#8220;{}&#8220; padding_tablet=&#8220;60px||60px|&#8220; padding_last_edited=&#8220;on|desktop&#8220; custom_padding__hover=&#8220;|||&#8220; padding_phone=&#8220;60px||60px|&#8220;][et_pb_image src=&#8220;https://defenza.de/wp-content/uploads/2024/08/Guel-Pinar-Arne-Weller-1.jpg&#8220; alt=&#8220;Rechtsanwalt Weller&#8220; title_text=&#8220;Gül Pinar Arne Weller&#8220; align_tablet=&#8220;center&#8220; align_phone=&#8220;&#8220; align_last_edited=&#8220;on|desktop&#8220; disabled_on=&#8220;on|off|off&#8220; _builder_version=&#8220;4.21.0&#8243; max_width=&#8220;600px&#8220; max_width_tablet=&#8220;&#8220; max_width_phone=&#8220;&#8220; max_width_last_edited=&#8220;on|desktop&#8220; custom_margin=&#8220;|||-8%&#8220; custom_margin_tablet=&#8220;60px|60px|60px|60px&#8220; custom_margin_phone=&#8220;&#8220; custom_margin_last_edited=&#8220;on|desktop&#8220; custom_padding=&#8220;|||&#8220; animation_style=&#8220;slide&#8220; animation_direction=&#8220;right&#8220; animation_intensity_slide=&#8220;4%&#8220; animation_starting_opacity=&#8220;50%&#8220; box_shadow_style=&#8220;preset3&#8243; box_shadow_blur=&#8220;80px&#8220; global_colors_info=&#8220;{}&#8220;][/et_pb_image][/et_pb_column][/et_pb_row][/et_pb_section]</p>

<p>Weitere Verschärfung des Rechts der Vermögensabschöpfung? Im Einziehungsrecht gilt das sog. Bruttoprinzip. Abzuschöpfen ist demnach der gesamte (hypothetische) Deliktsgewinn – ohne, dass etwa die Anschaffungskosten oder eigenen Aufwendungen abgezogen werden würden. Wird jemand wegen BtM-Delikten, bspw. dem Verkauf von Drogen verurteilt, wird die Einziehung in Höhe des Wertes der gesamten, ihm zuzurechnenden Verkaufsmengen angeordnet. Dass [&hellip;]</p>
